{"id":58,"date":"2025-11-09T22:47:58","date_gmt":"2025-11-09T20:47:58","guid":{"rendered":"https:\/\/opekas.utu.fi\/?page_id=58"},"modified":"2025-11-19T21:56:48","modified_gmt":"2025-11-19T19:56:48","slug":"slice-fi","status":"publish","type":"page","link":"https:\/\/opekas.utu.fi\/?page_id=58","title":{"rendered":"Slice.fi"},"content":{"rendered":"\n<div class=\"wp-block-media-text has-media-on-the-right is-stacked-on-mobile is-image-fill-element\"><div class=\"wp-block-media-text__content\">\n<h2 class=\"wp-block-heading\">Slice.fi<\/h2>\n<\/div><figure class=\"wp-block-media-text__media\"><img loading=\"lazy\" decoding=\"async\" width=\"1024\" height=\"626\" src=\"https:\/\/opekas.utu.fi\/wp-content\/uploads\/2025\/03\/Slice-liikemerkki_FIN_R_CMYK_2022-pdf-1-1024x626.jpg\" alt=\"\" class=\"wp-image-56 size-full\" style=\"object-position:50% 50%\" srcset=\"https:\/\/opekas.utu.fi\/wp-content\/uploads\/2025\/03\/Slice-liikemerkki_FIN_R_CMYK_2022-pdf-1-1024x626.jpg 1024w, https:\/\/opekas.utu.fi\/wp-content\/uploads\/2025\/03\/Slice-liikemerkki_FIN_R_CMYK_2022-pdf-1-300x183.jpg 300w, https:\/\/opekas.utu.fi\/wp-content\/uploads\/2025\/03\/Slice-liikemerkki_FIN_R_CMYK_2022-pdf-1-768x469.jpg 768w, https:\/\/opekas.utu.fi\/wp-content\/uploads\/2025\/03\/Slice-liikemerkki_FIN_R_CMYK_2022-pdf-1-1536x939.jpg 1536w, https:\/\/opekas.utu.fi\/wp-content\/uploads\/2025\/03\/Slice-liikemerkki_FIN_R_CMYK_2022-pdf-1-2048x1252.jpg 2048w\" sizes=\"auto, (max-width: 1024px) 100vw, 1024px\" \/><\/figure><\/div>\n\n\n\n<p class=\"has-source-serif-pro-font-family\" style=\"font-size:22px\">Huom! Aktivointikoodi l\u00e4hetet\u00e4\u00e4n k\u00e4ytt\u00e4j\u00e4lle manuaalisesti, joten toivomme k\u00e4rsiv\u00e4llisyytt\u00e4 sovelluksen k\u00e4ytt\u00f6\u00f6notossa! Mik\u00e4li kysymyksi\u00e4 ilmenee ota yhteytt\u00e4 opekas-sihteeri@utu.fi<\/p>\n\n\n\n<p><strong>Slice.fi<\/strong> on Satakunnan opiskelijaetupalvelu, joka yhdist\u00e4\u00e4 alueen yritykset ja opiskelijat. Alueeltamme l\u00f6yd\u00e4t parhaat opiskelijaedut, jo useita satoja <em><strong>paikallisia opiskelijaetuja alueemme satoihin opiskelijamy\u00f6nteisiin yrityksiin!<\/strong><\/em><\/p>\n\n\n\n<p>Opekas yhteisty\u00f6ss\u00e4 Slice.fi kanssa tuottamasta palvelusta l\u00f6yd\u00e4t valtavasti erilaisia etuja hyvin monen eri toimialan yrityksist\u00e4. Voit haka k\u00e4tev\u00e4sti etuja paikkakunnan, toimialan, yrityksen tai hakusanahaun mukaan. Etuja voi hakea ymp\u00e4ri Suomen. Opiskelijana sinun kannattaakin aina ennen ostop\u00e4\u00e4t\u00f6st\u00e4 katsoa mitk\u00e4 alueemme yritykset tarjoavat opiskelijaetuja.<\/p>\n\n\n\n<p>Opekkaan j\u00e4senen\u00e4 Sinun on mahdollista ladata Slicen sovellus ja p\u00e4\u00e4st\u00e4 hyvien opiskelijaetujen \u00e4\u00e4relle. Sovelluksella saat k\u00e4ytt\u00f6\u00f6si kymmennitt\u00e4in paikallisten yritysten tarjoamia etuja. Sovellus tarjoaa my\u00f6s opiskelijakortin k\u00e4yt\u00f6n ilmaiseksi. T\u00e4st\u00e4 <a href=\"https:\/\/www.feedcowboy.com\/asiakkaat\/slicefi\/join\/?opekas&amp;secure\" target=\"_blank\" rel=\"noopener\" title=\"\">linkist\u00e4<\/a><\/p>\n\n\n\n<figure class=\"wp-block-embed is-type-video is-provider-youtube wp-block-embed-youtube wp-embed-aspect-16-9 wp-has-aspect-ratio\"><div class=\"wp-block-embed__wrapper\">\n<iframe loading=\"lazy\" title=\"Opekas \u2665 Slice\" width=\"500\" height=\"281\" src=\"https:\/\/www.youtube.com\/embed\/r1etxs1O1Iw?feature=oembed\" frameborder=\"0\" allow=\"accelerometer; autoplay; clipboard-write; encrypted-media; gyroscope; picture-in-picture; web-share\" referrerpolicy=\"strict-origin-when-cross-origin\" allowfullscreen><\/iframe>\n<\/div><\/figure>\n","protected":false},"excerpt":{"rendered":"<p>Slice.fi Huom! Aktivointikoodi l\u00e4hetet\u00e4\u00e4n k\u00e4ytt\u00e4j\u00e4lle manuaalisesti, joten toivomme k\u00e4rsiv\u00e4llisyytt\u00e4 sovelluksen k\u00e4ytt\u00f6\u00f6notossa! Mik\u00e4li kysymyksi\u00e4 ilmenee ota yhteytt\u00e4 opekas-sihteeri@utu.fi Slice.fi on Satakunnan opiskelijaetupalvelu, joka yhdist\u00e4\u00e4 alueen yritykset ja opiskelijat. Alueeltamme l\u00f6yd\u00e4t parhaat [&hellip;]<\/p>\n","protected":false},"author":2,"featured_media":0,"parent":0,"menu_order":0,"comment_status":"closed","ping_status":"closed","template":"","meta":{"_uf_show_specific_survey":0,"_uf_disable_surveys":false,"_EventAllDay":false,"_EventTimezone":"","_EventStartDate":"","_EventEndDate":"","_EventStartDateUTC":"","_EventEndDateUTC":"","_EventShowMap":false,"_EventShowMapLink":false,"_EventURL":"","_EventCost":"","_EventCostDescription":"","_EventCurrencySymbol":"","_EventCurrencyCode":"","_EventCurrencyPosition":"","_EventDateTimeSeparator":"","_EventTimeRangeSeparator":"","_EventOrganizerID":[],"_EventVenueID":[],"_OrganizerEmail":"","_OrganizerPhone":"","_OrganizerWebsite":"","_VenueAddress":"","_VenueCity":"","_VenueCountry":"","_VenueProvince":"","_VenueState":"","_VenueZip":"","_VenuePhone":"","_VenueURL":"","_VenueStateProvince":"","_VenueLat":"","_VenueLng":"","_VenueShowMap":false,"_VenueShowMapLink":false,"footnotes":""},"class_list":["post-58","page","type-page","status-publish","hentry"],"aioseo_notices":[],"jetpack_sharing_enabled":true,"_links":{"self":[{"href":"https:\/\/opekas.utu.fi\/index.php?rest_route=\/wp\/v2\/pages\/58","targetHints":{"allow":["GET"]}}],"collection":[{"href":"https:\/\/opekas.utu.fi\/index.php?rest_route=\/wp\/v2\/pages"}],"about":[{"href":"https:\/\/opekas.utu.fi\/index.php?rest_route=\/wp\/v2\/types\/page"}],"author":[{"embeddable":true,"href":"https:\/\/opekas.utu.fi\/index.php?rest_route=\/wp\/v2\/users\/2"}],"replies":[{"embeddable":true,"href":"https:\/\/opekas.utu.fi\/index.php?rest_route=%2Fwp%2Fv2%2Fcomments&post=58"}],"version-history":[{"count":3,"href":"https:\/\/opekas.utu.fi\/index.php?rest_route=\/wp\/v2\/pages\/58\/revisions"}],"predecessor-version":[{"id":260,"href":"https:\/\/opekas.utu.fi\/index.php?rest_route=\/wp\/v2\/pages\/58\/revisions\/260"}],"wp:attachment":[{"href":"https:\/\/opekas.utu.fi\/index.php?rest_route=%2Fwp%2Fv2%2Fmedia&parent=58"}],"curies":[{"name":"wp","href":"https:\/\/api.w.org\/{rel}","templated":true}]}}